49638377 prime?
True
Is 2053621919 a composite number?
False
Is 95219269 composite?
False
Is 61129044619 prime?
True
Is 230312717 prime?
True
Is 471846779 composite?
True
Is 19950119831 prime?
True
Is 167668519 a composite number?
False
Is 1318486337 a prime number?
False
Is 40689210539 a prime number?
True
Is 138947371 prime?
False
Is 1763104849 composite?
True
Is 351785971 a prime number?
False
Is 18340534493 a composite number?
False
Is 4365493177 a prime number?
True
Is 1549510999 prime?
True
Is 1522148893 a composite number?
False
Is 11208065267 prime?
False
Is 4327791361 composite?
True
Is 27522100511 a composite number?
False
Is 6392196563 a prime number?
True
Is 13036456721 prime?
True
Is 11132772991 prime?
True
Is 8130599261 a composite number?
True
Is 714191707 a prime number?
False
Is 23504966315 a composite number?
True
Is 554620117 composite?
False
Is 2193161079 a composite number?
True
Is 14088560509 a prime number?
False
Is 42033477841 a prime number?
True
Is 7740089881 a composite number?
True
Is 146597441 a composite number?
True
Is 1078474597 composite?
True
Is 73217009863 a composite number?
True
Is 70180495043 prime?
False
Is 75730611401 a composite number?
False
Is 7749563621 prime?
False
Is 1748496353 a prime number?
True
Is 17846802773 composite?
True
Is 377708579 a prime number?
False
Is 2299387777 composite?
True
Is 86900206391 a prime number?
True
Is 53516171363 a prime number?
False
Is 2064750518 a prime number?
False
Is 782050931903 a prime number?
True
Is 49263851059 a composite number?
False
Is 9539102449 prime?
True
Is 19579708747 prime?
False
Is 68487619 a composite number?
False
Is 4013272609 a composite number?
True
Is 1035316427 prime?
True
Is 97106071883 a prime number?
True
Is 3812621413 a prime number?
False
Is 240302579 prime?
False
Is 15193352947 prime?
False
Is 3364588963 a prime number?
True
Is 42522641023 a composite number?
False
Is 300017339773 a prime number?
True
Is 6363010499 a prime number?
True
Is 223867993 composite?
True
Is 1701911821 composite?
False
Is 5350456367 prime?
True
Is 9273577919 prime?
True
Is 1442527019 composite?
True
Is 4257418439 composite?
True
Is 1932851509 a composite number?
True
Is 5833987729 composite?
True
Is 28419751 a composite number?
False
Is 1664672491 a prime number?
True
Is 79385083541 a composite number?
True
Is 40733552099 a prime number?
False
Is 3683570881 prime?
True
Is 127419290366 composite?
True
Is 66971564501 a composite number?
True
Is 4017879043 a prime number?
True
Is 434663951 prime?
True
Is 13363464077 a prime number?
True
Is 4405162241 a composite number?
False
Is 6023194747 composite?
True
Is 1439568077 prime?
True
Is 534770939 prime?
True
Is 414332329 prime?
False
Is 167539857 prime?
False
Is 18848478491 a prime number?
True
Is 2317060189 composite?
False
Is 30866653157 prime?
False
Is 2335842781 a composite number?
False
Is 16659001979 a prime number?
True
Is 19768064249 a prime number?
True
Is 23937456143 a composite number?
True
Is 2000067103 a composite number?
False
Is 781737533 prime?
False
Is 1749131093 a composite number?
False
Is 81274869569 composite?
False
Is 2025990347 a prime number?
True
Is 157972934381 prime?
True
Is 9257130931 a composite number?
False
Is 12305813593 a composite number?
False
Is 1395974831 a prime number?
True
Is 1774401229 a composite number?
True
Is 19457702491 a composite number?
False
Is 56707424303 composite?
False
Is 255652648423 a prime number?
True
Is 3302113489 prime?
False
Is 26143979041 composite?
False
Is 494470147 a prime number?
True
Is 2167123577 a composite number?
False
Is 1624079939 a composite number?
True
Is 60000446939 a composite number?
False
Is 1858926533 composite?
True
Is 58509077 prime?
False
Is 2642012567 a composite number?
True
Is 75683149379 a composite number?
False
Is 400393661 composite?
False
Is 287622079 a prime number?
True
Is 77996827 a composite number?
True
Is 28354907 a prime number?
False
Is 6469157897 a composite number?
False
Is 231070429 prime?
True
Is 33805176929 composite?
True
Is 583171903 a composite number?
True
Is 21483501591 a composite number?
True
Is 16679578891 a prime number?
True
Is 510552303 prime?
False
Is 8525147921 composite?
False
Is 1009309727 prime?
False
Is 94977234787 prime?
True
Is 643498013 a composite number?
False
Is 1185367297 prime?
True
Is 14653316891 prime?
True
Is 42059845315 composite?
True
Is 1237845289 a prime number?
True
Is 187980893 a composite number?
False
Is 1258583251 prime?
True
Is 894697871 composite?
False
Is 15679866143 a prime number?
False
Is 2852602021 a composite number?
False
Is 60993209257 composite?
True
Is 8499362887 prime?
False
Is 21054471271 composite?
False
Is 2010639749 a composite number?
False
Is 14954378371 composite?
True
Is 28132719523 a composite number?
False
Is 2597602621 a prime number?
False
Is 1564150453 prime?
True
Is 555865103 a prime number?
True
Is 459942773 a composite number?
True
Is 1554296683 a prime number?
True
Is 31630965907 composite?
True
Is 10275534509 prime?
True
Is 340967699 composite?
False
Is 290003603 composite?
False
Is 5639804489 prime?
False
Is 9303271277 a prime number?
False
Is 79596728131 a composite number?
False
Is 1243844983 composite?
False
Is 6536104811 prime?
False
Is 3372943291 prime?
False
Is 740698351 prime?
True
Is 524430941 a prime number?
True
Is 842665519 a prime number?
True
Is 1797716941 prime?
True
Is 11538974963 prime?
True
Is 8446896929 prime?
True
Is 4678201987 a composite number?
False
Is 166558321 a prime number?
True
Is 2555131393 prime?
True
Is 451524730733 prime?
True
Is 2226005741 prime?
False
Is 37051491961 composite?
True
Is 70882717 prime?
False
Is 3188579099 a prime number?
True
Is 359106119 a composite number?
True
Is 392283311 prime?
False
Is 45710334707 prime?
True
Is 3064506043 a prime number?
False
Is 33855087571 a prime number?
True
Is 33788980909 prime?
False
Is 1993546109 prime?
False
Is 62536912369 a prime number?
False
Is 6468671977 prime?
False
Is 58071265793 prime?
True
Is 806475367 a prime number?
True
Is 90224995643 composite?
True
Is 2539180753 a composite number?
True
Is 3020251801 composite?
True
Is 25403542387 prime?
True
Is 33589563697 a composite number?
True
Is 131028044879 a prime number?
True
Is 394047749 composite?
False
Is 12715262279 a composite number?
True
Is 67413211 a prime number?
False
Is 5316409687 a composite number?
False
Is 950890441 a prime number?
False
Is 31036205 composite?
True
Is 5914089754 a prime number?
False
Is 8578948777 prime?
False
Is 6739281523 prime?
False
Is 1585507109 composite?
False
Is 206584213 prime?
False
Is 32987304253 prime?
True
Is 847262315 prime?
False
Is 18031721737 a prime number?
True
Is 3762943829 composite?
True
Is 51068841433 a composite number?
True
Is 640853333 composite?
True
Is 22979231107 composite?
True
Is 17273983229 composite?
False
Is 399262337 a prime number?
False
Is 1850311649 a prime number?
False
Is 4782897103 a prime number?
False
Is 1233727819 prime?
False
Is 21259472477 a prime number?
True
Is 26378592683 composite?
False
Is 2778112171 composite?
True
Is 12586455839 a prime number?
True
Is 1782270179 a composite number?
False
Is 1966845451 composite?
False
Is 371441197 a composite number?
False
Is 155866273459 prime?
False
Is 25123652033 prime?
True
Is 183443171 composite?
True
Is 13313030729 prime?
False
Is 29926541065 a composite number?
True
Is 100266785 a composite number?
True
Is 11536189601 a prime number?
True
Is 3456177929 composite?
True
Is 701323319 a prime number?
True
Is 110204136043 prime?
True
Is 75925865251 a prime number?
False
Is 193675309 prime?
True
Is 8029874939 prime?
False
Is 8099566991 composite?
False
Is 4037089363 composite?
True
Is 748008433 composite?
True
Is 401020046267 prime?
True
Is 2626987511 a composite number?
False
Is 518614427 prime?
False
Is 3114557141 composite?
False
Is 51332551 composite?
False
Is 1178869931 a composite number?
True
Is 1085941631 a prime number?
True
Is 133856921821 composite?
True
Is 280121791 a prime number?
True
Is 4204398049 composite?
True
Is 24622829773 composite?
True
Is 33393728554 a composite number?
True
Is 9874867183 composite?
False
Is 16866979621 a composite number?
False
Is 7809948743 prime?